s divided by 16.
15
Let k = 18 - 10. What is the remainder when 30 is divided by k?
6
Suppose -2*q - 2*q + 5*j = -103, -5*j = 3*q - 86. Let a(z) = -z**3 - 4*z**2 - 2*z - 1. Calculate the remainder when q is divided by a(-4).
6
Let c(b) = b**3 - b**2 - b - 2. Calculate the remainder when 37 is divided by c(3).
11
What is the remainder when (-2)/((10/7)/(-5)) is divided by 3?
1
Let g(j) = 20*j**2 - 5*j - 5. What is the remainder when g(2) is divided by 27?
11
Let s(m) = m + 2. Let k be s(2). Suppose -r = k*x - 103, 4*r = x - 0*r - 47. Suppose -9 = -3*t + 33. What is the remainder when x is divided by t?
13
Suppose 0 = -5*h + 57 + 53. Calculate the remainder when 41 is divided by h.
19
Calculate the remainder when 259/9 - (-34)/153 is divided by 16.
13
Let o(a) = -6*a**3 - 6*a**3 + 13*a**3 + 6 - 2*a. What is the remainder when o(4) is divided by 16?
14
Let z(f) = -f**2 - 21*f - 2. Calculate the remainder when z(-19) is divided by 20.
16
Let z(m) = m**2 - 9*m - 16. What is the remainder when z(-4) is divided by 8?
4
Let i = 5 + 16. Let d = 20 - -42. What is the remainder when d is divided by i?
20
Let m(h) = 3*h**2 + 2*h - 2. What is the remainder when 34 is divided by m(-3)?
15
Calculate the remainder when 1 + (10 + -5 - -93) is divided by 26.
21
Suppose 6*m + m - 224 = 0. Calculate the remainder when m is divided by 5.
2
Let t(h) = h**3 - 6*h**2 + h - 1. Let w be t(6). Suppose 0 = -w*c + 4*c + 43. What is the remainder when c is divided by 15?
13
Let t = 79 - 4. Suppose 4*f + f - t = 0. Calculate the remainder when 28 is divided by f.
13
Let u = 20 - -52. Suppose 4*g - u = -16. Calculate the remainder when 40 is divided by g.
12
Let y = 36 - 24. What is the remainder when 46 is divided by y?
10
Suppose 5*a - n - 43 = 45, -2*a + 40 = 2*n. What is the remainder when 71 is divided by a?
17
Let j be (4/2 - 4) + 3. Calculate the remainder when (j + 20)/((-6)/(-12)) is divided by 11.
9
Let t = 2 + 19. Let c = 29 - t. What is the remainder when c is divided by 3?
2
Suppose -4*q + 3*i = -61, -25 = -9*i + 4*i. Calculate the remainder when q is divided by 10.
9
Let y(h) = h**3 + 2*h**2 - 5*h - 3. Let p be y(-3). Suppose p*n - 18 = 363. Calculate the remainder when n is divided by 26.
23
Let o = 43 + -29. Let k = 7 - -20. What is the remainder when k is divided by o?
13
Suppose 0 = 2*n - 8 + 2. Calculate the remainder when (-114)/(-15) - 4/(-10) is divided by n.
2
Suppose -4*q + 54 = -0*u + 3*u, 0 = -3*q + 3*u + 30. Calculate the remainder when 57 is divided by q.
9
Let m(l) = l**3 - 8*l**2 + l + 4. What is the remainder when m(8) is divided by 5?
2
Let m(o) = o**3 + 6*o**2 - 8*o + 6. Let v = -18 - -25. Suppose 3*b - 2*b = v. What is the remainder when m(-7) is divided by b?
6
Suppose 4*q + 14 = 4*p - 30, -p + 5*q + 15 = 0. Suppose -5*w + 88 = -47. What is the remainder when w is divided by p?
7
Let a(w) = w**3 + 4*w**2 - w + 2. Let r be a(-4). Let o = r + -50. Calculate the remainder when 16 is divided by (-2)/7 + o/(-7).
4
Let s = -12 - -8. Calculate the remainder when 34 is divided by 18/4*(-16)/s.
16
Suppose 0 = -2*k - 10, n - 4*n + 187 = 4*k. Let l = n - 8. Calculate the remainder when l is divided by 1 - 2/((-4)/30).
13
Suppose -v + 8*f = 4*f - 50, -f + 313 = 5*v. What is the remainder when v is divided by 21?
20
Suppose 0 = 4*t - 5*t - 29. Suppose -141 = 4*d - d. Let n = t - d. What is the remainder when 53 is divided by n?
17
Let u = 138 - 92. What is the remainder when u is divided by 36?
10
Let j = 124 - 120. Calculate the remainder when 20 is divided by j.
0
Let c be (4 + -1)/((-4)/48). Let s be (0 + c/15)*-5. Suppose -s = 4*x - 44. What is the remainder when 22 is divided by x?
6
Suppose -17 - 11 = -4*o. Let k(y) = -9*y - 7. Calculate the remainder when k(-3) is divided by o.
6
Let q(d) = d**3 + 5*d**2 - d + 1. Let t be q(-5). What is the remainder when (-1)/t + 446/12 is divided by 13?
11
Suppose -i = -2, -6*o + 3*i - 1 = -o. Let j = 0 + o. Let t = 11 - j. What is the remainder when 19 is divided by t?
9
Let u = 1 - -1. Suppose -20 = -0*d - u*d. Calculate the remainder when 38 is divided by d.
8
Let r(v) = 7*v + 26. Calculate the remainder when r(6) is divided by 36.
32
Suppose -21 - 38 = 4*q + 3*u, q + 3*u + 17 = 0. Let t = -7 - q. Calculate the remainder when t is divided by (-3 - 0) + 9 + -3.
1
Suppose -3*z + 32 = 2. What is the remainder when z is divided by 2?
0
Suppose -17 = -b - 5*r, -5*r = 2*b - 2*r - 13. Let f(q) = q**3 - 2*q**2 - q - 2. Calculate the remainder when f(3) is divided by b.
0
Let i = 7 + -3. Let q(s) = -9*s**3 - 3*s**2 + 2*s + 3. What is the remainder when q(-1) is divided by i?
3
Let p(g) = -g**3 + 6*g**2 - 2*g + 3. Let b be p(6). Let h = -4 - b. Calculate the remainder when 18 is divided by h.
3
Suppose 0 = 3*n + 5*g - 49, 7*g = n + 2*g + 17. What is the remainder when 27 is divided by n?
3
Suppose -3*n = 4*a + 5, 0 = -a + n - 2 + 6. Suppose -2*b = -3*b - 11. Calculate the remainder when 21 is divided by (-4 + 3)*b/a.
10
Suppose v - 5*h + 1 + 17 = 0, 0 = 4*h - 16. Let b be ((-6)/(-5))/((-6)/(-15)). Suppose -p + b = v. Calculate the remainder when 1 is divided by p.
0
Calculate the remainder when (-18)/4*1*-4 is divided by 5.
3
Let l(u) = u**2 + 3*u - 10. Let s be l(-7). Suppose -2*d - 6 = -2*f, 4*d = -3*f + 5 + s. What is the remainder when f is divided by 2?
1
Let u(t) = -t**3 - 10*t**2 - 9*t. Let v be u(-9). Let m = 35 - v. Calculate the remainder when m is divided by 19.
16
Suppose 3*m - 39 = -0*m. Suppose 4*l - 5*j - 26 = 0, l - 2*j + 4*j = 0. What is the remainder when ((-50)/l)/((-2)/4) is divided by m?
12
Let r = -20 + 34. Let p(j) = j**2 - 7*j + 6. Let o be p(7). Suppose h - o*h = -25. Calculate the remainder when r is divided by h.
4
Let c(p) = p**2 - 3*p - 1. Let n be c(3). What is the remainder when 0/2 - n*45 is divided by 16?
13
Let b be 0/((-7)/(7/(-2))). Suppose -2*c = -5*q + 3*q + 42, b = -5*q + 2*c + 111. What is the remainder when 91 is divided by q?
22
Let f(d) = -15*d + 2. Suppose -u + 19 - 2 = 0. What is the remainder when f(-2) is divided by u?
15
Let x(f) = f**2 + 27. Let z(b) = -b + 3. Let p be z(3). Calculate the remainder when 78 is divided by x(p).
24
Suppose 3 = g - 13. Suppose -o - 5*z = -51, -2*o - 71 = -3*o + 5*z. Calculate the remainder when o is divided by g.
13
Let i(j) = -j**2 + 6*j + 5. Let n be i(7). Let w(k) = -4*k + 1. Let c be w(n). Calculate the remainder when -6*((-69)/c + 1) is divided by 14.
12
Suppose -2*a - 6*n + 2*n = -36, 5*a = 3*n + 51. What is the remainder when 35 is divided by a?
11
Suppose 36 = 2*p - 36. What is the remainder when p is divided by 10?
6
Let s(c) = -c**3 + 6*c**2 + 3*c - 12. What is the remainder when s(5) is divided by 3?
1
Calculate the remainder when (-8 - -1)/((-5)/90) is divided by 32.
30
Let w(r) = -5*r - 2. Let z = 3 + 3. Let h = z - 12. Calculate the remainder when w(h) is divided by 10.
8
Suppose 4*u - 8 - 4 = 0. Suppose 9 + 42 = u*o. What is the remainder when o is divided by 5?
2
Let n = -10 + 21. Suppose 0 = -3*h - 3 - 24. What is the remainder when (-3)/h - (-118)/6 is divided by n?
9
Let z = 335 + -226. Suppose 0 = 5*x - 276 - z. Calculate the remainder when x is divided by 20.
17
What is the remainder when 43 is divided by (-11)/44 - (-89)/4?
21
Suppose 19 + 125 = 2*u. Calculate the remainder when u is divided by 15.
12
Suppose 5*o = 91 + 49. Suppose 18 = -0*w - 2*w. Let k = w + o. What is the remainder when k is divided by 10?
9
Let l be 2/(-3) - (-679)/(-21). Let x = l + 82. Calculate the remainder when x is divided by 25.
24
Let f be (-54)/(-10) - 4/10. Let m = -168 - -238. Suppose 8*k - 3*k - f*x = m, -x = 5*k - 58. Calculate the remainder when 23 is divided by k.
11
Suppose -3*s + 5*d + 13 = -0*s, -2*d = -3*s + 25. Calculate the remainder when s is divided by 4.
3
Suppose -2*v = -v - 5. Let m(z) = -4*z + 3. Let d be m(-3). Let u = v + d. What is the remainder when u is divided by 11?
9
Let d(o) = o**3 - 3*o**2 + 2*o + 2. Calculate the remainder when d(4) is divided by 7.
5
Let t = 1 - -61. What is the remainder when t is divided by 9?
8
Let o(v) = -7*v**3 - 4*v**2 - 2*v + 1. What is the remainder when 10 is divided by o(-1)?
4
Let f = 28 - 1. Calculate the remainder when f is divided by 14.
13
Let v be (2 - 3 - -2)*0. Suppose v